{"id":207,"date":"2024-07-22T11:09:02","date_gmt":"2024-07-22T09:09:02","guid":{"rendered":"https:\/\/ateliermcl.com\/?page_id=207"},"modified":"2024-09-07T17:06:58","modified_gmt":"2024-09-07T15:06:58","slug":"architecture-interieure-design","status":"publish","type":"page","link":"https:\/\/ateliermcl.com\/index.php\/architecture-interieure-design\/","title":{"rendered":"Architecture Int\u00e9rieure Design"},"content":{"rendered":"\t\t<div data-elementor-type=\"wp-page\" data-elementor-id=\"207\" class=\"elementor elementor-207\">\n\t\t\t\t<div class=\"elementor-element elementor-element-a55b15a e-flex e-con-boxed e-con e-parent\" data-id=\"a55b15a\" data-element_type=\"container\">\n\t\t\t\t\t<div class=\"e-con-inner\">\n\t\t\t\t<div class=\"elementor-element elementor-element-0c00b4f elementor-widget elementor-widget-image\" data-id=\"0c00b4f\" data-element_type=\"widget\" data-widget_type=\"image.default\">\n\t\t\t\t<div class=\"elementor-widget-container\">\n\t\t\t<style>\/*! elementor - v3.21.0 - 26-05-2024 *\/\n.elementor-widget-image{text-align:center}.elementor-widget-image a{display:inline-block}.elementor-widget-image a img[src$=\".svg\"]{width:48px}.elementor-widget-image img{vertical-align:middle;display:inline-block}<\/style>\t\t\t\t\t\t\t\t\t\t<img fetchpriority=\"high\" decoding=\"async\" width=\"525\" height=\"350\" src=\"https:\/\/ateliermcl.com\/wp-content\/uploads\/2024\/06\/plans-architecturaux-amenagement-paysager-bureau-vue-dessus_72402-7469.jpg\" class=\"attachment-large size-large wp-image-154\" alt=\"\" srcset=\"https:\/\/ateliermcl.com\/wp-content\/uploads\/2024\/06\/plans-architecturaux-amenagement-paysager-bureau-vue-dessus_72402-7469.jpg 740w, https:\/\/ateliermcl.com\/wp-content\/uploads\/2024\/06\/plans-architecturaux-amenagement-paysager-bureau-vue-dessus_72402-7469-300x200.jpg 300w\" sizes=\"100vw\" \/>\t\t\t\t\t\t\t\t\t\t\t\t\t<\/div>\n\t\t\t\t<\/div>\n\t\t\t\t\t<\/div>\n\t\t\t\t<\/div>\n\t\t<div class=\"elementor-element elementor-element-7cb7db0 e-flex e-con-boxed e-con e-parent\" data-id=\"7cb7db0\" data-element_type=\"container\">\n\t\t\t\t\t<div class=\"e-con-inner\">\n\t\t\t\t<div class=\"elementor-element elementor-element-6909279 elementor-widget elementor-widget-text-editor\" data-id=\"6909279\" data-element_type=\"widget\" data-widget_type=\"text-editor.default\">\n\t\t\t\t<div class=\"elementor-widget-container\">\n\t\t\t<style>\/*! elementor - v3.21.0 - 26-05-2024 *\/\n.elementor-widget-text-editor.elementor-drop-cap-view-stacked .elementor-drop-cap{background-color:#69727d;color:#fff}.elementor-widget-text-editor.elementor-drop-cap-view-framed .elementor-drop-cap{color:#69727d;border:3px solid;background-color:transparent}.elementor-widget-text-editor:not(.elementor-drop-cap-view-default) .elementor-drop-cap{margin-top:8px}.elementor-widget-text-editor:not(.elementor-drop-cap-view-default) .elementor-drop-cap-letter{width:1em;height:1em}.elementor-widget-text-editor .elementor-drop-cap{float:left;text-align:center;line-height:1;font-size:50px}.elementor-widget-text-editor .elementor-drop-cap-letter{display:inline-block}<\/style>\t\t\t\t<div class=\"flex max-w-full flex-col flex-grow\"><div class=\"min-h-[20px] text-message flex w-full flex-col items-end gap-2 break-words [.text-message+&amp;]:mt-5 overflow-x-auto whitespace-normal\" dir=\"auto\" data-message-author-role=\"assistant\" data-message-id=\"ae89babb-adb9-491f-b6a0-2126b4e1caa9\"><div class=\"flex w-full flex-col gap-1 empty:hidden first:pt-[3px]\"><div class=\"result-streaming markdown prose w-full break-words dark:prose-invert dark\"><p>En collaboration avec plusieurs agences d&rsquo;architecture \u00e0 Caen et Paris, l&rsquo;Atelier MCL offre un accompagnement complet \u00e0 ses clients, en les conseillant et en les mettant en relation avec les meilleurs professionnels pour r\u00e9pondre \u00e0 leurs besoins. Fort de son expertise, l&rsquo;Atelier garanti un suivi \u00e0 chaque \u00e9tape cl\u00e9.<\/p><p>Voici les missions prises en charge :<\/p><p><strong>Conseils :<\/strong> Des recommandations personnalis\u00e9es sont fournies pour optimiser les espaces de vie, en tenant compte des go\u00fbts, des besoins et du budget. Que ce soit pour choisir des mat\u00e9riaux, des couleurs ou des agencements, les meilleures solutions esth\u00e9tiques et fonctionnelles vous seront propos\u00e9es.<\/p><p><strong>Esquisse :<\/strong> Cette premi\u00e8re \u00e9tape cr\u00e9ative permet de visualiser les id\u00e9es sous forme de croquis. Les grandes lignes du projet sont d\u00e9finies en traduisant les inspirations et les envies en \u00e9bauches concr\u00e8tes.<\/p><p><strong>Avant-Projet Sommaire (APS) :<\/strong> Un premier plan plus d\u00e9taill\u00e9 est \u00e9labor\u00e9, int\u00e9grant les dimensions et les dispositions de l&rsquo;espace. L&rsquo;APS permet d&rsquo;affiner les concepts et de d\u00e9finir les options techniques et esth\u00e9tiques \u00e0 envisager, offrant ainsi une vue d&rsquo;ensemble du projet.<\/p><p><strong>Avant-Projet D\u00e9finitif (APD) :<\/strong> Cette phase consiste \u00e0 valider les choix techniques, esth\u00e9tiques et financiers. Le projet est d\u00e9taill\u00e9 sous forme de plans, coupes, \u00e9l\u00e9vations ou perspectives, pour clarifier chaque aspect avant la mise en \u0153uvre.<\/p><p><strong>Dossiers Mairie :<\/strong> Toutes les d\u00e9marches administratives n\u00e9cessaires sont prises en charge, y compris la pr\u00e9paration des dossiers \u00e0 soumettre en mairie pour les demandes de permis de construire ou autres autorisations.<\/p><p>Gr\u00e2ce \u00e0 ce processus complet, l&rsquo;Atelier MCL vous accompagne \u00e0 chaque \u00e9tape de votre projet pour garantir un r\u00e9sultat \u00e0 la hauteur de vos attentes.<\/p><\/div><\/div><\/div><\/div><div class=\"mt-1 flex gap-3 empty:hidden -ml-2\"><div class=\"items-center justify-start rounded-xl p-1 flex\"><div class=\"flex items-center\">\u00a0<\/div><\/div><\/div>\t\t\t\t\t\t<\/div>\n\t\t\t\t<\/div>\n\t\t\t\t\t<\/div>\n\t\t\t\t<\/div>\n\t\t\t\t<\/div>\n\t\t","protected":false},"excerpt":{"rendered":"<p>En collaboration avec plusieurs agences d&rsquo;architecture \u00e0 Caen et Paris, l&rsquo;Atelier MCL offre un accompagnement complet \u00e0 ses clients, en les conseillant et en les mettant en relation avec les meilleurs professionnels pour r\u00e9pondre \u00e0 leurs besoins. Fort de son expertise, l&rsquo;Atelier garanti un suivi \u00e0 chaque \u00e9tape cl\u00e9. Voici les missions prises en charge &hellip; <\/p>\n<p class=\"link-more\"><a href=\"https:\/\/ateliermcl.com\/index.php\/architecture-interieure-design\/\" class=\"more-link\">Continuer la lecture<span class=\"screen-reader-text\"> de &laquo;&nbsp;Architecture Int\u00e9rieure Design&nbsp;&raquo;<\/span><\/a><\/p>\n","protected":false},"author":1,"featured_media":0,"parent":0,"menu_order":0,"comment_status":"closed","ping_status":"closed","template":"","meta":{"footnotes":""},"class_list":["post-207","page","type-page","status-publish","hentry"],"yoast_head":"<!-- This site is optimized with the Yoast SEO plugin v23.3 - https:\/\/yoast.com\/wordpress\/plugins\/seo\/ -->\n<title>Architecture Int\u00e9rieure Design - Atelier MCL<\/title>\n<meta name=\"description\" content=\"L\u2019Atelier MCL vous accompagne sur vos projets d&#039;architecture d\u2019int\u00e9rieur pour concevoir des espaces qui vous ressemblent en fusionnant art et design.\" \/>\n<meta name=\"robots\" content=\"index, follow, max-snippet:-1, max-image-preview:large, max-video-preview:-1\" \/>\n<link rel=\"canonical\" href=\"https:\/\/ateliermcl.com\/index.php\/architecture-interieure-design\/\" \/>\n<meta property=\"og:locale\" content=\"fr_FR\" \/>\n<meta property=\"og:type\" content=\"article\" \/>\n<meta property=\"og:title\" content=\"Architecture Int\u00e9rieure Design - Atelier MCL\" \/>\n<meta property=\"og:description\" content=\"L\u2019Atelier MCL vous accompagne sur vos projets d&#039;architecture d\u2019int\u00e9rieur pour concevoir des espaces qui vous ressemblent en fusionnant art et design.\" \/>\n<meta property=\"og:url\" content=\"https:\/\/ateliermcl.com\/index.php\/architecture-interieure-design\/\" \/>\n<meta property=\"og:site_name\" content=\"Atelier MCL\" \/>\n<meta property=\"article:modified_time\" content=\"2024-09-07T15:06:58+00:00\" \/>\n<meta property=\"og:image\" content=\"http:\/\/ateliermcl.com\/wp-content\/uploads\/2024\/06\/plans-architecturaux-amenagement-paysager-bureau-vue-dessus_72402-7469.jpg\" \/>\n<meta name=\"twitter:card\" content=\"summary_large_image\" \/>\n<meta name=\"twitter:label1\" content=\"Dur\u00e9e de lecture estim\u00e9e\" \/>\n\t<meta name=\"twitter:data1\" content=\"2 minutes\" \/>\n<script type=\"application\/ld+json\" class=\"yoast-schema-graph\">{\"@context\":\"https:\/\/schema.org\",\"@graph\":[{\"@type\":\"WebPage\",\"@id\":\"https:\/\/ateliermcl.com\/index.php\/architecture-interieure-design\/\",\"url\":\"https:\/\/ateliermcl.com\/index.php\/architecture-interieure-design\/\",\"name\":\"Architecture Int\u00e9rieure Design - Atelier MCL\",\"isPartOf\":{\"@id\":\"https:\/\/ateliermcl.com\/#website\"},\"primaryImageOfPage\":{\"@id\":\"https:\/\/ateliermcl.com\/index.php\/architecture-interieure-design\/#primaryimage\"},\"image\":{\"@id\":\"https:\/\/ateliermcl.com\/index.php\/architecture-interieure-design\/#primaryimage\"},\"thumbnailUrl\":\"http:\/\/ateliermcl.com\/wp-content\/uploads\/2024\/06\/plans-architecturaux-amenagement-paysager-bureau-vue-dessus_72402-7469.jpg\",\"datePublished\":\"2024-07-22T09:09:02+00:00\",\"dateModified\":\"2024-09-07T15:06:58+00:00\",\"description\":\"L\u2019Atelier MCL vous accompagne sur vos projets d'architecture d\u2019int\u00e9rieur pour concevoir des espaces qui vous ressemblent en fusionnant art et design.\",\"breadcrumb\":{\"@id\":\"https:\/\/ateliermcl.com\/index.php\/architecture-interieure-design\/#breadcrumb\"},\"inLanguage\":\"fr-FR\",\"potentialAction\":[{\"@type\":\"ReadAction\",\"target\":[\"https:\/\/ateliermcl.com\/index.php\/architecture-interieure-design\/\"]}]},{\"@type\":\"ImageObject\",\"inLanguage\":\"fr-FR\",\"@id\":\"https:\/\/ateliermcl.com\/index.php\/architecture-interieure-design\/#primaryimage\",\"url\":\"http:\/\/ateliermcl.com\/wp-content\/uploads\/2024\/06\/plans-architecturaux-amenagement-paysager-bureau-vue-dessus_72402-7469.jpg\",\"contentUrl\":\"http:\/\/ateliermcl.com\/wp-content\/uploads\/2024\/06\/plans-architecturaux-amenagement-paysager-bureau-vue-dessus_72402-7469.jpg\"},{\"@type\":\"BreadcrumbList\",\"@id\":\"https:\/\/ateliermcl.com\/index.php\/architecture-interieure-design\/#breadcrumb\",\"itemListElement\":[{\"@type\":\"ListItem\",\"position\":1,\"name\":\"Accueil\",\"item\":\"https:\/\/ateliermcl.com\/\"},{\"@type\":\"ListItem\",\"position\":2,\"name\":\"Architecture Int\u00e9rieure Design\"}]},{\"@type\":\"WebSite\",\"@id\":\"https:\/\/ateliermcl.com\/#website\",\"url\":\"https:\/\/ateliermcl.com\/\",\"name\":\"AtelierMCL\",\"description\":\"Arts Plastiques &amp; Arts Appliqu\u00e9s \u00e0 Caen\",\"publisher\":{\"@id\":\"https:\/\/ateliermcl.com\/#organization\"},\"potentialAction\":[{\"@type\":\"SearchAction\",\"target\":{\"@type\":\"EntryPoint\",\"urlTemplate\":\"https:\/\/ateliermcl.com\/?s={search_term_string}\"},\"query-input\":\"required name=search_term_string\"}],\"inLanguage\":\"fr-FR\"},{\"@type\":\"Organization\",\"@id\":\"https:\/\/ateliermcl.com\/#organization\",\"name\":\"AtelierMCL\",\"url\":\"https:\/\/ateliermcl.com\/\",\"logo\":{\"@type\":\"ImageObject\",\"inLanguage\":\"fr-FR\",\"@id\":\"https:\/\/ateliermcl.com\/#\/schema\/logo\/image\/\",\"url\":\"http:\/\/ateliermcl.com\/wp-content\/uploads\/2024\/06\/Logo-MCL.png\",\"contentUrl\":\"http:\/\/ateliermcl.com\/wp-content\/uploads\/2024\/06\/Logo-MCL.png\",\"width\":2312,\"height\":1132,\"caption\":\"AtelierMCL\"},\"image\":{\"@id\":\"https:\/\/ateliermcl.com\/#\/schema\/logo\/image\/\"},\"sameAs\":[\"https:\/\/www.instagram.com\/marine_chauvin_lacour\/\"]}]}<\/script>\n<!-- \/ Yoast SEO plugin. -->","yoast_head_json":{"title":"Architecture Int\u00e9rieure Design - Atelier MCL","description":"L\u2019Atelier MCL vous accompagne sur vos projets d'architecture d\u2019int\u00e9rieur pour concevoir des espaces qui vous ressemblent en fusionnant art et design.","robots":{"index":"index","follow":"follow","max-snippet":"max-snippet:-1","max-image-preview":"max-image-preview:large","max-video-preview":"max-video-preview:-1"},"canonical":"https:\/\/ateliermcl.com\/index.php\/architecture-interieure-design\/","og_locale":"fr_FR","og_type":"article","og_title":"Architecture Int\u00e9rieure Design - Atelier MCL","og_description":"L\u2019Atelier MCL vous accompagne sur vos projets d'architecture d\u2019int\u00e9rieur pour concevoir des espaces qui vous ressemblent en fusionnant art et design.","og_url":"https:\/\/ateliermcl.com\/index.php\/architecture-interieure-design\/","og_site_name":"Atelier MCL","article_modified_time":"2024-09-07T15:06:58+00:00","og_image":[{"url":"http:\/\/ateliermcl.com\/wp-content\/uploads\/2024\/06\/plans-architecturaux-amenagement-paysager-bureau-vue-dessus_72402-7469.jpg"}],"twitter_card":"summary_large_image","twitter_misc":{"Dur\u00e9e de lecture estim\u00e9e":"2 minutes"},"schema":{"@context":"https:\/\/schema.org","@graph":[{"@type":"WebPage","@id":"https:\/\/ateliermcl.com\/index.php\/architecture-interieure-design\/","url":"https:\/\/ateliermcl.com\/index.php\/architecture-interieure-design\/","name":"Architecture Int\u00e9rieure Design - Atelier MCL","isPartOf":{"@id":"https:\/\/ateliermcl.com\/#website"},"primaryImageOfPage":{"@id":"https:\/\/ateliermcl.com\/index.php\/architecture-interieure-design\/#primaryimage"},"image":{"@id":"https:\/\/ateliermcl.com\/index.php\/architecture-interieure-design\/#primaryimage"},"thumbnailUrl":"http:\/\/ateliermcl.com\/wp-content\/uploads\/2024\/06\/plans-architecturaux-amenagement-paysager-bureau-vue-dessus_72402-7469.jpg","datePublished":"2024-07-22T09:09:02+00:00","dateModified":"2024-09-07T15:06:58+00:00","description":"L\u2019Atelier MCL vous accompagne sur vos projets d'architecture d\u2019int\u00e9rieur pour concevoir des espaces qui vous ressemblent en fusionnant art et design.","breadcrumb":{"@id":"https:\/\/ateliermcl.com\/index.php\/architecture-interieure-design\/#breadcrumb"},"inLanguage":"fr-FR","potentialAction":[{"@type":"ReadAction","target":["https:\/\/ateliermcl.com\/index.php\/architecture-interieure-design\/"]}]},{"@type":"ImageObject","inLanguage":"fr-FR","@id":"https:\/\/ateliermcl.com\/index.php\/architecture-interieure-design\/#primaryimage","url":"http:\/\/ateliermcl.com\/wp-content\/uploads\/2024\/06\/plans-architecturaux-amenagement-paysager-bureau-vue-dessus_72402-7469.jpg","contentUrl":"http:\/\/ateliermcl.com\/wp-content\/uploads\/2024\/06\/plans-architecturaux-amenagement-paysager-bureau-vue-dessus_72402-7469.jpg"},{"@type":"BreadcrumbList","@id":"https:\/\/ateliermcl.com\/index.php\/architecture-interieure-design\/#breadcrumb","itemListElement":[{"@type":"ListItem","position":1,"name":"Accueil","item":"https:\/\/ateliermcl.com\/"},{"@type":"ListItem","position":2,"name":"Architecture Int\u00e9rieure Design"}]},{"@type":"WebSite","@id":"https:\/\/ateliermcl.com\/#website","url":"https:\/\/ateliermcl.com\/","name":"AtelierMCL","description":"Arts Plastiques &amp; Arts Appliqu\u00e9s \u00e0 Caen","publisher":{"@id":"https:\/\/ateliermcl.com\/#organization"},"potentialAction":[{"@type":"SearchAction","target":{"@type":"EntryPoint","urlTemplate":"https:\/\/ateliermcl.com\/?s={search_term_string}"},"query-input":"required name=search_term_string"}],"inLanguage":"fr-FR"},{"@type":"Organization","@id":"https:\/\/ateliermcl.com\/#organization","name":"AtelierMCL","url":"https:\/\/ateliermcl.com\/","logo":{"@type":"ImageObject","inLanguage":"fr-FR","@id":"https:\/\/ateliermcl.com\/#\/schema\/logo\/image\/","url":"http:\/\/ateliermcl.com\/wp-content\/uploads\/2024\/06\/Logo-MCL.png","contentUrl":"http:\/\/ateliermcl.com\/wp-content\/uploads\/2024\/06\/Logo-MCL.png","width":2312,"height":1132,"caption":"AtelierMCL"},"image":{"@id":"https:\/\/ateliermcl.com\/#\/schema\/logo\/image\/"},"sameAs":["https:\/\/www.instagram.com\/marine_chauvin_lacour\/"]}]}},"_links":{"self":[{"href":"https:\/\/ateliermcl.com\/index.php\/wp-json\/wp\/v2\/pages\/207","targetHints":{"allow":["GET"]}}],"collection":[{"href":"https:\/\/ateliermcl.com\/index.php\/wp-json\/wp\/v2\/pages"}],"about":[{"href":"https:\/\/ateliermcl.com\/index.php\/wp-json\/wp\/v2\/types\/page"}],"author":[{"embeddable":true,"href":"https:\/\/ateliermcl.com\/index.php\/wp-json\/wp\/v2\/users\/1"}],"replies":[{"embeddable":true,"href":"https:\/\/ateliermcl.com\/index.php\/wp-json\/wp\/v2\/comments?post=207"}],"version-history":[{"count":16,"href":"https:\/\/ateliermcl.com\/index.php\/wp-json\/wp\/v2\/pages\/207\/revisions"}],"predecessor-version":[{"id":443,"href":"https:\/\/ateliermcl.com\/index.php\/wp-json\/wp\/v2\/pages\/207\/revisions\/443"}],"wp:attachment":[{"href":"https:\/\/ateliermcl.com\/index.php\/wp-json\/wp\/v2\/media?parent=207"}],"curies":[{"name":"wp","href":"https:\/\/api.w.org\/{rel}","templated":true}]}}