{"id":21,"date":"2024-06-12T21:37:49","date_gmt":"2024-06-12T19:37:49","guid":{"rendered":"http:\/\/ateliermcl.com\/?page_id=21"},"modified":"2026-01-18T22:59:59","modified_gmt":"2026-01-18T21:59:59","slug":"catalogue-de-formation","status":"publish","type":"page","link":"https:\/\/ateliermcl.com\/index.php\/catalogue-de-formation\/","title":{"rendered":"Catalogue de Formations"},"content":{"rendered":"\t\t<div data-elementor-type=\"wp-page\" data-elementor-id=\"21\" class=\"elementor elementor-21\">\n\t\t\t\t<div class=\"elementor-element elementor-element-72838de3 e-flex e-con-boxed e-con e-parent\" data-id=\"72838de3\" data-element_type=\"container\">\n\t\t\t\t\t<div class=\"e-con-inner\">\n\t\t\t\t<div class=\"elementor-element elementor-element-fa97c38 elementor-widget elementor-widget-text-editor\" data-id=\"fa97c38\" data-element_type=\"widget\" data-widget_type=\"text-editor.default\">\n\t\t\t\t<div class=\"elementor-widget-container\">\n\t\t\t<style>\/*! elementor - v3.21.0 - 26-05-2024 *\/\n.elementor-widget-text-editor.elementor-drop-cap-view-stacked .elementor-drop-cap{background-color:#69727d;color:#fff}.elementor-widget-text-editor.elementor-drop-cap-view-framed .elementor-drop-cap{color:#69727d;border:3px solid;background-color:transparent}.elementor-widget-text-editor:not(.elementor-drop-cap-view-default) .elementor-drop-cap{margin-top:8px}.elementor-widget-text-editor:not(.elementor-drop-cap-view-default) .elementor-drop-cap-letter{width:1em;height:1em}.elementor-widget-text-editor .elementor-drop-cap{float:left;text-align:center;line-height:1;font-size:50px}.elementor-widget-text-editor .elementor-drop-cap-letter{display:inline-block}<\/style>\t\t\t\t<!-- wp:paragraph -->\n<p>Engag\u00e9 dans l\u2019\u00e9panouissement artistique,<strong> l&rsquo;Atelier MCL offrira des cours d\u2019arts plastiques pour tous les niveaux<\/strong> et toutes les passions. D\u00e9butants et artistes confirm\u00e9s pourront explorer leur cr\u00e9ativit\u00e9 ou perfectionner leur technique gr\u00e2ce \u00e0 une vari\u00e9t\u00e9 de cours adapt\u00e9s.<\/p>\n<p>L&rsquo;Atelier proposera \u00e9galement <strong>des cours sp\u00e9cialis\u00e9s pour la pr\u00e9paration aux concours des \u00e9coles d&rsquo;Arts Appliqu\u00e9s<\/strong>. Ces sessions d&rsquo;accompagnement personnalis\u00e9 permettront de d\u00e9velopper votre portfolio, de renforcer vos comp\u00e9tences artistiques et de vous guider pas \u00e0 pas vers la r\u00e9ussite.<\/p>\n<p>Rendez-vous en 2028 pour d\u00e9couvrir cet espace d\u00e9di\u00e9 \u00e0 l&rsquo;art et \u00e0 la cr\u00e9ativit\u00e9 !<\/p>\n<!-- \/wp:paragraph -->\t\t\t\t\t\t<\/div>\n\t\t\t\t<\/div>\n\t\t\t\t\t<\/div>\n\t\t\t\t<\/div>\n\t\t<div class=\"elementor-element elementor-element-b64fc95 e-flex e-con-boxed e-con e-parent\" data-id=\"b64fc95\" data-element_type=\"container\">\n\t\t\t\t\t<div class=\"e-con-inner\">\n\t\t\t\t<div class=\"elementor-element elementor-element-f39c8f5 elementor-widget elementor-widget-spacer\" data-id=\"f39c8f5\" data-element_type=\"widget\" data-widget_type=\"spacer.default\">\n\t\t\t\t<div class=\"elementor-widget-container\">\n\t\t\t<style>\/*! elementor - v3.21.0 - 26-05-2024 *\/\n.elementor-column .elementor-spacer-inner{height:var(--spacer-size)}.e-con{--container-widget-width:100%}.e-con-inner>.elementor-widget-spacer,.e-con>.elementor-widget-spacer{width:var(--container-widget-width,var(--spacer-size));--align-self:var(--container-widget-align-self,initial);--flex-shrink:0}.e-con-inner>.elementor-widget-spacer>.elementor-widget-container,.e-con>.elementor-widget-spacer>.elementor-widget-container{height:100%;width:100%}.e-con-inner>.elementor-widget-spacer>.elementor-widget-container>.elementor-spacer,.e-con>.elementor-widget-spacer>.elementor-widget-container>.elementor-spacer{height:100%}.e-con-inner>.elementor-widget-spacer>.elementor-widget-container>.elementor-spacer>.elementor-spacer-inner,.e-con>.elementor-widget-spacer>.elementor-widget-container>.elementor-spacer>.elementor-spacer-inner{height:var(--container-widget-height,var(--spacer-size))}.e-con-inner>.elementor-widget-spacer.elementor-widget-empty,.e-con>.elementor-widget-spacer.elementor-widget-empty{position:relative;min-height:22px;min-width:22px}.e-con-inner>.elementor-widget-spacer.elementor-widget-empty .elementor-widget-empty-icon,.e-con>.elementor-widget-spacer.elementor-widget-empty .elementor-widget-empty-icon{position:absolute;top:0;bottom:0;left:0;right:0;margin:auto;padding:0;width:22px;height:22px}<\/style>\t\t<div class=\"elementor-spacer\">\n\t\t\t<div class=\"elementor-spacer-inner\"><\/div>\n\t\t<\/div>\n\t\t\t\t<\/div>\n\t\t\t\t<\/div>\n\t\t\t\t\t<\/div>\n\t\t\t\t<\/div>\n\t\t<div class=\"elementor-element elementor-element-6a7206d e-flex e-con-boxed e-con e-parent\" data-id=\"6a7206d\" data-element_type=\"container\">\n\t\t\t\t\t<div class=\"e-con-inner\">\n\t\t\t\t<div class=\"elementor-element elementor-element-aaacca4 elementor-widget elementor-widget-text-editor\" data-id=\"aaacca4\" data-element_type=\"widget\" data-widget_type=\"text-editor.default\">\n\t\t\t\t<div class=\"elementor-widget-container\">\n\t\t\t\t\t\t\t<p><span aria-hidden=\"true\">\u2714\ufe0f <strong>Arts Plastiques : <\/strong>Dessin, Peinture, Sculpture, Modelage &amp; Croquis de Nu.<br \/>\u2714\ufe0f <strong>Arts Num\u00e9riques : <\/strong>Photographie, Design UI &amp; Production multim\u00e9dia.<br \/>\u2714\ufe0f <strong>Arts Appliqu\u00e9s :<\/strong> Architecture Int\u00e9rieure, Architecture, Retail-Brand Design, Graphisme &amp; Communication Visuelle.<\/span><\/p>\n<p><span aria-hidden=\"true\"><br \/><\/span><em><span aria-hidden=\"true\">Cours de loisirs, conseil, accompagnement, pr\u00e9pa et formation.<\/span><\/em><\/p>\t\t\t\t\t\t<\/div>\n\t\t\t\t<\/div>\n\t\t\t\t\t<\/div>\n\t\t\t\t<\/div>\n\t\t\t\t<\/div>\n\t\t","protected":false},"excerpt":{"rendered":"<p>Engag\u00e9 dans l\u2019\u00e9panouissement artistique, l&rsquo;Atelier MCL offrira des cours d\u2019arts plastiques pour tous les niveaux et toutes les passions. D\u00e9butants et artistes confirm\u00e9s pourront explorer leur cr\u00e9ativit\u00e9 ou perfectionner leur technique gr\u00e2ce \u00e0 une vari\u00e9t\u00e9 de cours adapt\u00e9s. L&rsquo;Atelier proposera \u00e9galement des cours sp\u00e9cialis\u00e9s pour la pr\u00e9paration aux concours des \u00e9coles d&rsquo;Arts Appliqu\u00e9s. Ces sessions &hellip; <\/p>\n<p class=\"link-more\"><a href=\"https:\/\/ateliermcl.com\/index.php\/catalogue-de-formation\/\" class=\"more-link\">Continuer la lecture<span class=\"screen-reader-text\"> de &laquo;&nbsp;Catalogue de Formations&nbsp;&raquo;<\/span><\/a><\/p>\n","protected":false},"author":1,"featured_media":111,"parent":0,"menu_order":0,"comment_status":"closed","ping_status":"closed","template":"","meta":{"footnotes":""},"class_list":["post-21","page","type-page","status-publish","has-post-thumbnail","hentry"],"yoast_head":"<!-- This site is optimized with the Yoast SEO plugin v23.3 - https:\/\/yoast.com\/wordpress\/plugins\/seo\/ -->\n<title>Catalogue de Formations - Atelier MCL<\/title>\n<meta name=\"description\" content=\"L&#039;Atelier MCL propose des cours d&#039;arts plastiques tous niveaux et une pr\u00e9paration aux concours des \u00e9coles d&#039;Arts Appliqu\u00e9s.\" \/>\n<meta name=\"robots\" content=\"index, follow, max-snippet:-1, max-image-preview:large, max-video-preview:-1\" \/>\n<link rel=\"canonical\" href=\"https:\/\/ateliermcl.com\/index.php\/catalogue-de-formation\/\" \/>\n<meta property=\"og:locale\" content=\"fr_FR\" \/>\n<meta property=\"og:type\" content=\"article\" \/>\n<meta property=\"og:title\" content=\"Catalogue de Formations - Atelier MCL\" \/>\n<meta property=\"og:description\" content=\"L&#039;Atelier MCL propose des cours d&#039;arts plastiques tous niveaux et une pr\u00e9paration aux concours des \u00e9coles d&#039;Arts Appliqu\u00e9s.\" \/>\n<meta property=\"og:url\" content=\"https:\/\/ateliermcl.com\/index.php\/catalogue-de-formation\/\" \/>\n<meta property=\"og:site_name\" content=\"Atelier MCL\" \/>\n<meta property=\"article:modified_time\" content=\"2026-01-18T21:59:59+00:00\" \/>\n<meta property=\"og:image\" content=\"http:\/\/ateliermcl.com\/wp-content\/uploads\/2024\/06\/portrait-gros-plan-belle-jeune-artiste-peintre-afro-americaine-authentique-creant-oeuvre.png\" \/>\n\t<meta property=\"og:image:width\" content=\"1380\" \/>\n\t<meta property=\"og:image:height\" content=\"586\" \/>\n\t<meta property=\"og:image:type\" content=\"image\/png\" \/>\n<meta name=\"twitter:card\" content=\"summary_large_image\" \/>\n<meta name=\"twitter:label1\" content=\"Dur\u00e9e de lecture estim\u00e9e\" \/>\n\t<meta name=\"twitter:data1\" content=\"2 minutes\" \/>\n<script type=\"application\/ld+json\" class=\"yoast-schema-graph\">{\"@context\":\"https:\/\/schema.org\",\"@graph\":[{\"@type\":\"WebPage\",\"@id\":\"https:\/\/ateliermcl.com\/index.php\/catalogue-de-formation\/\",\"url\":\"https:\/\/ateliermcl.com\/index.php\/catalogue-de-formation\/\",\"name\":\"Catalogue de Formations - Atelier MCL\",\"isPartOf\":{\"@id\":\"https:\/\/ateliermcl.com\/#website\"},\"primaryImageOfPage\":{\"@id\":\"https:\/\/ateliermcl.com\/index.php\/catalogue-de-formation\/#primaryimage\"},\"image\":{\"@id\":\"https:\/\/ateliermcl.com\/index.php\/catalogue-de-formation\/#primaryimage\"},\"thumbnailUrl\":\"https:\/\/ateliermcl.com\/wp-content\/uploads\/2024\/06\/portrait-gros-plan-belle-jeune-artiste-peintre-afro-americaine-authentique-creant-oeuvre.png\",\"datePublished\":\"2024-06-12T19:37:49+00:00\",\"dateModified\":\"2026-01-18T21:59:59+00:00\",\"description\":\"L'Atelier MCL propose des cours d'arts plastiques tous niveaux et une pr\u00e9paration aux concours des \u00e9coles d'Arts Appliqu\u00e9s.\",\"breadcrumb\":{\"@id\":\"https:\/\/ateliermcl.com\/index.php\/catalogue-de-formation\/#breadcrumb\"},\"inLanguage\":\"fr-FR\",\"potentialAction\":[{\"@type\":\"ReadAction\",\"target\":[\"https:\/\/ateliermcl.com\/index.php\/catalogue-de-formation\/\"]}]},{\"@type\":\"ImageObject\",\"inLanguage\":\"fr-FR\",\"@id\":\"https:\/\/ateliermcl.com\/index.php\/catalogue-de-formation\/#primaryimage\",\"url\":\"https:\/\/ateliermcl.com\/wp-content\/uploads\/2024\/06\/portrait-gros-plan-belle-jeune-artiste-peintre-afro-americaine-authentique-creant-oeuvre.png\",\"contentUrl\":\"https:\/\/ateliermcl.com\/wp-content\/uploads\/2024\/06\/portrait-gros-plan-belle-jeune-artiste-peintre-afro-americaine-authentique-creant-oeuvre.png\",\"width\":1380,\"height\":586},{\"@type\":\"BreadcrumbList\",\"@id\":\"https:\/\/ateliermcl.com\/index.php\/catalogue-de-formation\/#breadcrumb\",\"itemListElement\":[{\"@type\":\"ListItem\",\"position\":1,\"name\":\"Accueil\",\"item\":\"https:\/\/ateliermcl.com\/\"},{\"@type\":\"ListItem\",\"position\":2,\"name\":\"Catalogue de Formations\"}]},{\"@type\":\"WebSite\",\"@id\":\"https:\/\/ateliermcl.com\/#website\",\"url\":\"https:\/\/ateliermcl.com\/\",\"name\":\"AtelierMCL\",\"description\":\"Arts Plastiques &amp; Arts Appliqu\u00e9s \u00e0 Caen\",\"publisher\":{\"@id\":\"https:\/\/ateliermcl.com\/#organization\"},\"potentialAction\":[{\"@type\":\"SearchAction\",\"target\":{\"@type\":\"EntryPoint\",\"urlTemplate\":\"https:\/\/ateliermcl.com\/?s={search_term_string}\"},\"query-input\":\"required name=search_term_string\"}],\"inLanguage\":\"fr-FR\"},{\"@type\":\"Organization\",\"@id\":\"https:\/\/ateliermcl.com\/#organization\",\"name\":\"AtelierMCL\",\"url\":\"https:\/\/ateliermcl.com\/\",\"logo\":{\"@type\":\"ImageObject\",\"inLanguage\":\"fr-FR\",\"@id\":\"https:\/\/ateliermcl.com\/#\/schema\/logo\/image\/\",\"url\":\"http:\/\/ateliermcl.com\/wp-content\/uploads\/2024\/06\/Logo-MCL.png\",\"contentUrl\":\"http:\/\/ateliermcl.com\/wp-content\/uploads\/2024\/06\/Logo-MCL.png\",\"width\":2312,\"height\":1132,\"caption\":\"AtelierMCL\"},\"image\":{\"@id\":\"https:\/\/ateliermcl.com\/#\/schema\/logo\/image\/\"},\"sameAs\":[\"https:\/\/www.instagram.com\/marine_chauvin_lacour\/\"]}]}<\/script>\n<!-- \/ Yoast SEO plugin. -->","yoast_head_json":{"title":"Catalogue de Formations - Atelier MCL","description":"L'Atelier MCL propose des cours d'arts plastiques tous niveaux et une pr\u00e9paration aux concours des \u00e9coles d'Arts Appliqu\u00e9s.","robots":{"index":"index","follow":"follow","max-snippet":"max-snippet:-1","max-image-preview":"max-image-preview:large","max-video-preview":"max-video-preview:-1"},"canonical":"https:\/\/ateliermcl.com\/index.php\/catalogue-de-formation\/","og_locale":"fr_FR","og_type":"article","og_title":"Catalogue de Formations - Atelier MCL","og_description":"L'Atelier MCL propose des cours d'arts plastiques tous niveaux et une pr\u00e9paration aux concours des \u00e9coles d'Arts Appliqu\u00e9s.","og_url":"https:\/\/ateliermcl.com\/index.php\/catalogue-de-formation\/","og_site_name":"Atelier MCL","article_modified_time":"2026-01-18T21:59:59+00:00","og_image":[{"width":1380,"height":586,"url":"http:\/\/ateliermcl.com\/wp-content\/uploads\/2024\/06\/portrait-gros-plan-belle-jeune-artiste-peintre-afro-americaine-authentique-creant-oeuvre.png","type":"image\/png"}],"twitter_card":"summary_large_image","twitter_misc":{"Dur\u00e9e de lecture estim\u00e9e":"2 minutes"},"schema":{"@context":"https:\/\/schema.org","@graph":[{"@type":"WebPage","@id":"https:\/\/ateliermcl.com\/index.php\/catalogue-de-formation\/","url":"https:\/\/ateliermcl.com\/index.php\/catalogue-de-formation\/","name":"Catalogue de Formations - Atelier MCL","isPartOf":{"@id":"https:\/\/ateliermcl.com\/#website"},"primaryImageOfPage":{"@id":"https:\/\/ateliermcl.com\/index.php\/catalogue-de-formation\/#primaryimage"},"image":{"@id":"https:\/\/ateliermcl.com\/index.php\/catalogue-de-formation\/#primaryimage"},"thumbnailUrl":"https:\/\/ateliermcl.com\/wp-content\/uploads\/2024\/06\/portrait-gros-plan-belle-jeune-artiste-peintre-afro-americaine-authentique-creant-oeuvre.png","datePublished":"2024-06-12T19:37:49+00:00","dateModified":"2026-01-18T21:59:59+00:00","description":"L'Atelier MCL propose des cours d'arts plastiques tous niveaux et une pr\u00e9paration aux concours des \u00e9coles d'Arts Appliqu\u00e9s.","breadcrumb":{"@id":"https:\/\/ateliermcl.com\/index.php\/catalogue-de-formation\/#breadcrumb"},"inLanguage":"fr-FR","potentialAction":[{"@type":"ReadAction","target":["https:\/\/ateliermcl.com\/index.php\/catalogue-de-formation\/"]}]},{"@type":"ImageObject","inLanguage":"fr-FR","@id":"https:\/\/ateliermcl.com\/index.php\/catalogue-de-formation\/#primaryimage","url":"https:\/\/ateliermcl.com\/wp-content\/uploads\/2024\/06\/portrait-gros-plan-belle-jeune-artiste-peintre-afro-americaine-authentique-creant-oeuvre.png","contentUrl":"https:\/\/ateliermcl.com\/wp-content\/uploads\/2024\/06\/portrait-gros-plan-belle-jeune-artiste-peintre-afro-americaine-authentique-creant-oeuvre.png","width":1380,"height":586},{"@type":"BreadcrumbList","@id":"https:\/\/ateliermcl.com\/index.php\/catalogue-de-formation\/#breadcrumb","itemListElement":[{"@type":"ListItem","position":1,"name":"Accueil","item":"https:\/\/ateliermcl.com\/"},{"@type":"ListItem","position":2,"name":"Catalogue de Formations"}]},{"@type":"WebSite","@id":"https:\/\/ateliermcl.com\/#website","url":"https:\/\/ateliermcl.com\/","name":"AtelierMCL","description":"Arts Plastiques &amp; Arts Appliqu\u00e9s \u00e0 Caen","publisher":{"@id":"https:\/\/ateliermcl.com\/#organization"},"potentialAction":[{"@type":"SearchAction","target":{"@type":"EntryPoint","urlTemplate":"https:\/\/ateliermcl.com\/?s={search_term_string}"},"query-input":"required name=search_term_string"}],"inLanguage":"fr-FR"},{"@type":"Organization","@id":"https:\/\/ateliermcl.com\/#organization","name":"AtelierMCL","url":"https:\/\/ateliermcl.com\/","logo":{"@type":"ImageObject","inLanguage":"fr-FR","@id":"https:\/\/ateliermcl.com\/#\/schema\/logo\/image\/","url":"http:\/\/ateliermcl.com\/wp-content\/uploads\/2024\/06\/Logo-MCL.png","contentUrl":"http:\/\/ateliermcl.com\/wp-content\/uploads\/2024\/06\/Logo-MCL.png","width":2312,"height":1132,"caption":"AtelierMCL"},"image":{"@id":"https:\/\/ateliermcl.com\/#\/schema\/logo\/image\/"},"sameAs":["https:\/\/www.instagram.com\/marine_chauvin_lacour\/"]}]}},"_links":{"self":[{"href":"https:\/\/ateliermcl.com\/index.php\/wp-json\/wp\/v2\/pages\/21","targetHints":{"allow":["GET"]}}],"collection":[{"href":"https:\/\/ateliermcl.com\/index.php\/wp-json\/wp\/v2\/pages"}],"about":[{"href":"https:\/\/ateliermcl.com\/index.php\/wp-json\/wp\/v2\/types\/page"}],"author":[{"embeddable":true,"href":"https:\/\/ateliermcl.com\/index.php\/wp-json\/wp\/v2\/users\/1"}],"replies":[{"embeddable":true,"href":"https:\/\/ateliermcl.com\/index.php\/wp-json\/wp\/v2\/comments?post=21"}],"version-history":[{"count":51,"href":"https:\/\/ateliermcl.com\/index.php\/wp-json\/wp\/v2\/pages\/21\/revisions"}],"predecessor-version":[{"id":464,"href":"https:\/\/ateliermcl.com\/index.php\/wp-json\/wp\/v2\/pages\/21\/revisions\/464"}],"wp:featuredmedia":[{"embeddable":true,"href":"https:\/\/ateliermcl.com\/index.php\/wp-json\/wp\/v2\/media\/111"}],"wp:attachment":[{"href":"https:\/\/ateliermcl.com\/index.php\/wp-json\/wp\/v2\/media?parent=21"}],"curies":[{"name":"wp","href":"https:\/\/api.w.org\/{rel}","templated":true}]}}